 h**3 + 16*h. Determine g(36).
9
Let w(j) = -177*j + 189*j - 15 - 1 + j**2. Determine w(-13).
-3
Let j(f) = 6*f**2 - 2. Let z(x) = 2*x**3 + 6*x**2 - 3*x. Let a be z(-5). Let g = 197 + a. Let h = 110 - g. Determine j(h).
22
Let z(r) = r**2 + 4*r - 10. Let f be z(-5). Let n(i) = -3*i**3 - 3*i - 4. Let k(j) = 2*j**3 + j**2 + j + 2. Let c(l) = -5*k(l) - 3*n(l). Determine c(f).
-18
Let h(j) = 7*j + 2*j - 1 + 6*j + j**2 - 14*j. Suppose 3*n + 4*a + 23 = 0, -3*n + 17 = -0*n - 4*a. Let f be n/((-2)/(-2 + 0)). What is h(f)?
-1
Let s(w) = -5 + 34*w + 29*w - 11*w**2 - 53*w + 10*w**2. What is s(5)?
20
Let m(o) be the third derivative of 122*o**2 - 1/60*o**6 + 0*o + 1/24*o**4 + 1/6*o**3 + 1/60*o**5 + 0. Calculate m(2).
-9
Let c be 79/8 + (-6)/(-48)*1. Suppose -2*m + z = -c, 3*m = -z + 6*z + 29. Let y(u) = 45*u**3 + m - 2*u**2 - 44*u**3 - 6*u - 4*u**2. Determine y(7).
10
Let z(d) = 9*d + 151. Suppose -3*q = 5*a + 36, 15*q - a - 65 = 19*q. Determine z(q).
-2
Let t(d) = 30*d - 513. Let j be t(17). Let r(n) = -n + 1. Let f(x) = 4*x + 4. Let k(w) = f(w) + 3*r(w). Determine k(j).
4
Let z = 25 - 17. Suppose 2*m = -4 + z. Let g(l) = 4 + 53*l - 51*l - m - 1. Give g(5).
11
Let g(u) = u**3 + 14*u**2 - 16*u + 11. Let k be g(-15). Suppose 3*n - 12 = 4*l, -4*l = -l + 2*n + k. Let r(o) = o + 13. What is r(l)?
7
Let h(s) = s**2 - 110*s - 1. Let r(g) = -3*g**3 - 148*g**2 + 125*g + 44. Let f(q) = -2*h(q) - r(q). What is f(-48)?
6
Let i be ((-1966)/(-14) - 6) + 6/(-14). Let v = -137 + i. Let p(r) = r**2 - 4*r - 2. What is p(v)?
19
Let t(y) = 26*y + 80. Let a(s) = 14*s + 51. Let k(h) = -5*a(h) + 2*t(h). Calculate k(-5).
-5
Let r(b) = -2528*b + 39 - 34 + 2565*b. Calculate r(2).
79
Let n(o) be the first derivative of 13*o**2/2 + 5*o + 555. Determine n(-1).
-8
Let a be ((-52)/(-156))/((-1)/(-15)). Suppose -5*p - 6 = a*z + 4, 4*z - 4*p = 0. Let u(c) = -c**2 + c. Calculate u(z).
-2
Let d(i) = i + 0 + 1 + i**2 - 2. Let p be (205/(-82))/(5 + (-100)/16). Calculate d(p).
5
Let a(o) be the first derivative of -o**4/24 + 7*o**3/6 + 22*o**2 + o - 106. Let w(k) be the second derivative of a(k). Calculate w(9).
-2
Let m(j) = j**2 - 13*j + 16. Let g be m(12). Let l(y) = -g*y - 4 - 2 + 5. Suppose 5*f + 4*b + 7 = 0, 18 = -f - 4*b + 7. Calculate l(f).
-5
Let p = -2043 - -2041. Let r(i) = i + 4. Calculate r(p).
2
Let m(p) = -2*p + 9. Let q = -171 - -528. Suppose 49*x = q - 14. What is m(x)?
-5
Suppose 50*n - 5*m - 21 = 52*n, -3*m = -4*n - 3. Let c(f) = f**3 + f**2 - 6*f - 10. Determine c(n).
-10
Let t = -5 + -1. Let w(v) = v**2 + 16*v + 31. Let n be w(-2). Let i(x) = n*x - 3 - 10 + 22. Determine i(t).
-9
Let x be -8*((-13)/(-4) + -4). Let y be (x/4)/(39/416). Suppose 4*f + 0*f + y = -3*o, -3*f - 12 = 3*o. Let i(c) = -c + 4. Determine i(o).
4
Let c(j) = 2*j**2 + 5*j - 7. Let q(a) = a**2 + 3*a - 10. Let t(s) = -2*s**2 - 6*s + 19. Let x(b) = 11*q(b) + 6*t(b). Let k(d) = 2*c(d) + 5*x(d). What is k(4)?
-30
Suppose y + 9 = -0. Let i(j) = -4*j + 3. Let k(b) = 9*b - 15. Let q(o) = 5*i(o) + 2*k(o). Give q(y).
3
Let v(i) be the third derivative of i**5/60 + 5*i**4/24 + i**3/6 + 45*i**2 + 8. Calculate v(7).
85
Let a(m) = 2*m**2 - m - 2. Suppose -16 = 2*f - 5*t, -5*f + 0*f = 5*t + 5. Let y be 7/(-42)*0 + f + 1. Give a(y).
8
Let y(c) = c**2 - 4*c + 1. Suppose 13*z - 7 = 16*z - 4*i, 0 = -2*z + i - 3. Let p(o) = 2. Let g(h) = z*y(h) + p(h). Determine g(4).
1
Let q(u) = -u**2 + 7*u - 1. Suppose f - 162 = -3*c, -f + 304 = f - 4*c. Let p = -150 + f. Calculate q(p).
5
Let f(x) = -7 + 0 + 4 + 0*x + 4 - 7*x. What is f(-5)?
36
Let m(h) be the first derivative of -h**4/4 - 7*h**3/3 + 2*h - 25. Let y be m(-7). Let q(w) = -4 + 2 + 0 + 1 - w**3 - y*w**2. Calculate q(-2).
-1
Let d = -1590 - -1585. Let r(t) = -t**3 - t - 1. Let q(h) = 4*h**3 + 4*h**2 - 3*h. Let p(u) = -q(u) - 3*r(u). Determine p(d).
-2
Let i be (68 + -5)/7 + 0 + -13. Let k(q) = -4*q**2 - 14*q + 5. What is k(i)?
-3
Suppose 12 = -4*c + z, -2*z - 20 = 3*c - 0*z. Let l be (-49)/14 - 2/c. Let x(k) = -k + k**3 - 3*k**2 - 1 - 3*k**3 - k**3 + k**3 + k**3. Determine x(l).
2
Let q(j) = -j**3 + 4*j**2 - 4. Let c(l) = -8*l - 18. Let g(k) = -65*k - 145. Let b(n) = 25*c(n) - 3*g(n). Let u be b(-4). Suppose u*r - 5 = 10. What is q(r)?
5
Let j(x) = -21*x - 11 + 3*x**2 + 14*x - 4*x - x**2 + 29. Determine j(4).
6
Let j(w) = 10*w + 221 - w - 219 - 21*w. What is j(6)?
-70
Let r be -27 + 30 - (-1 + -12). Suppose 0*i - 21 = -4*b - 3*i, 4*b = -4*i + r. Let p(m) = 2*m**3 - 18*m**2 - 2. Determine p(b).
-2
Let w(r) be the second derivative of r**4/12 - 19*r**3/3 - 261*r**2/2 - 664*r. What is w(-6)?
3
Let q(w) = -9*w + 4. Let y(c) = -2*c**3 - 6*c**2 + 8*c - 2. Let u be y(3). Let a = -80 - u. Determine q(a).
-50
Let j(x) = -2 + 5534*x**2 + 9*x**3 - x - 2768*x**2 - 2766*x**2. Calculate j(-1).
-10
Let m(i) = 11*i - 2*i**3 + 103*i**2 - 232*i**2 + 101*i**2 - 10*i + 17. What is m(-14)?
3
Let b(j) = -2*j - 22. Suppose 5*g + 536 = -4*p + 5*p, -4*p - g + 2165 = 0. Let m = p + -549. Determine b(m).
-6
Let j(i) be the first derivative of -i**2 - 3*i - 162. Let c(x) = -2*x - 3. Let l(r) = 3*c(r) - 4*j(r). Determine l(5).
13
Let b(n) = n + 39. Let t be b(-14). Let q be (-10)/(-6)*45/t. Let j(a) = -4*a - 1. Let x(y) = 3*y + 2. Let u(d) = q*j(d) + 2*x(d). Determine u(1).
-5
Let v(z) = z - 8. Let y(d) = -24*d**3 - 2*d**2 + 2*d + 1. Let h be y(-2). Let s = h - 181. Determine v(s).
-8
Suppose -102*f + 132*f - 30 = 0. Let v(z) = -26*z**2 + 2*z. Determine v(f).
-24
Let w(z) = -z**2 + 76*z - 2*z**2 - 117795 + 117850. Determine w(26).
3
Let a = -13 - -15. Let c(y) = 4 - 1 + 2*y - a + 0. Let x = 115 - 121. What is c(x)?
-11
Let a(k) = -k**2 + 15*k + 20. Suppose 34*n - 591 = 395. Let m = -13 + n. Calculate a(m).
4
Let x be (-69)/(-18) + (-1)/(-6). Suppose -12 = 2*b - x. Let z(m) = -5*m. Determine z(b).
20
Suppose -16*h = 13*h - h + 336. Let k(b) = 7*b + 29. Give k(h).
-55
Let w(p) be the third derivative of p**5/60 - p**4/12 + p**3/3 + 67*p**2. Let u(k) = -k**2 + 4*k + 1. Let y be u(6). Let g = 15 + y. Give w(g).
10
Suppose 10 = 2*c - 4*b - 10, -3*b = 3*c - 66. Let r(u) = 2*u**3 - 37*u**2 + 24*u - 108. What is r(c)?
0
Let z(w) = w**3 - 9*w**2 - w + 30. Let s be z(9). Let t(v) = s*v + 0*v**2 - 2*v**2 + 3*v**2 - 11*v. Determine t(-7).
-21
Let u(h) be the second derivative of -4*h**3/3 + 74*h**2 - 696*h + 1. Give u(17).
12
Suppose 162*t = 161*t + 4. Suppose -t*g = -o - 0 + 2, 15 = 2*o + 3*g. Let r(f) = f**2 - 8*f + 7. Calculate r(o).
-5
Let s(m) = 50 - 3*m + 8*m - 2*m**2 - 50 - m. Suppose 0 = -4*d - 4*i + 28, 18 = 5*d + 3*i - 11. Determine s(d).
-16
Let j(v) = 322*v - 1279. Let w be j(4). Let m(q) = -q**3 + 12*q**2 - 29*q + 7. Give m(w).
-11
Let u = 80 - 59. Let s be 6/(-7*u/(-196)). Let f(x) = -x**2 + 7*x. What is f(s)?
-8
Let m(h) = 5570*h - 5563. Let d be m(1). Let j(g) = -14 - 2 + 3*g - g. What is j(d)?
-2
Suppose 2*z = 20*g - 25*g - 1, -3*z + 1 = 5*g. Let v(i) = 3*i**3 - 2*i**2 + 13*i + 14. Calculate v(g).
-4
Let d(l) = -l**2 - 3*l + 59. Let j be d(6). Let y be (-14)/(-4) - (-2)/(-4). Let z(m) = 5*m**2 - m**y + 2*m + m - 2 - 2*m. What is z(j)?
3
Let a(h) = 428*h + 138 - 162*h - 130*h - 52 - 133*h. Determine a(-26).
8
Let t(q) = -q**3 + q**2 + 4*q - 1. Suppose 0*m - m - 64 = -3*a, 0 = -5*a + 3*m + 104. Let j = 25 - a. Suppose -3*s - j = -12. Determine t(s).
-7
Let i(t) = 3*t**2 + 81*t + 73. Let k(y) = y**3 - 6*y**2 - 37*y + 64. Let q be k(-5). Determine i(q).
-5
Let b = -8687 + 8679. Let r(k) = -k**2 - 10*k + 15. Calculate r(b).
31
Let w(s) = -23357*s**2 + 23360*s**2 + 11820 - 11821. Let n(r) = -r**3 - 5*r**2 - 4*r - 2. Let m be n(-4). What is w(m)?
11
Let x(w) = -5*w**2 + 2*w - 5. Suppose -d = -8, -2*d = r + 89 - 108. Give x(r).
-44
Suppose -5 = 2*h - 1, 3 = 5*d - 4*h. Let p be 18/(-3 - 5/d). Let k(n) be the second derivative of -n**3/3 + 3*n**2 + 14*n. Determine k(p).
-12
Let z(l) = 10 + 2*l**2 + 4*l**2 + 4292*l - 4299*l - 5*l**2. Calculate z(4).
-2
Let s be 27*(1 + -3)*((-9)/(-3))/6. Let c(b) = -b**3 - 26*b**2 + 27*b - 19. Calculate c(s).
-19
Let d(z) = -z**2 + 8*z + 68. Let t(c) = c**2 - 73*c + 205. Let n be t(70). Give d(n).
3
Let q(x) be the first derivative of x**2/2 - 14*x + 3105. Suppose -5*t - 14 = -14. Calculate q(t).
-14
Suppose 50 = 13*p - 37*p + 49*p. Let i(y) = 39*y - 1. What is i(p)?
